
7
Let p(f) = -504 + 17*f**3 + 3*f**2 + 504 - 15*f**3 + 6*f. Determine p(-4).
-104
Let y(n) = -n**2 - 2*n + 12. Suppose 5*s + 8*s + 5915 = 0. Let q = -460 - s. Determine y(q).
-3
Let h(c) = -c**2 - c - 4. Let o be (-2 + 22/6)/(34/(-102)). Let d be (-12)/(o - -2) + -1 + 2. Give h(d).
-34
Suppose -909*x + 839*x = -350. Let g(w) = 5*w**2 + 16. Calculate g(x).
141
Let k(z) = 1 - 3*z + 0*z + 2*z - 3. Suppose 0 = 3*r + 255 + 345. Let v = r - -195. Calculate k(v).
3
Let n(a) = -308*a + 257. Let c(y) = 121*y - 129. Let z(q) = -5*c(q) - 2*n(q). Calculate z(-11).
10
Let q(s) = -2*s + 1. Let b(j) = 5*j - 3. Let v(o) = 6*b(o) + 13*q(o). Suppose -5*z - 118 = -128. Suppose 2*n = -k + z, -17 = -5*k + 4*n + 21. Give v(k).
19
Let i(y) = -4*y + 168. Let u(m) = m**2 - 6*m + 4. Let w be u(10). Let f be i(w). Let g(h) = h**3 + 8*h**2 + h + 10. Calculate g(f).
2
Let b(v) = -v**3 + 101*v**2 - 184*v - 1373. Let o be b(99). Let d(u) = 2*u**2 - 30*u - 7. Calculate d(o).
-59
Let h(o) = -1 - 2*o + 2 + 1 + 1. Suppose -3*a - 94 = 5*k, -2*k - 2*a = -0*a + 36. Let b = 26 + k. Determine h(b).
-9
Let q = -53 + 19. Let r = -28 - q. Let s(x) be the first derivative of x**3/3 - 7*x**2/2 + 4*x - 3. Give s(r).
-2
Let x(a) = a - 5. Suppose 6*p - 24 = -0*p. Suppose -o - p*r = r + 7, -2*r = 0. Let t = -1 - o. Calculate x(t).
1
Let g(l) = 3*l - 2*l - 6*l**2 + 16 - 220*l**3 + 7*l - 5*l + 219*l**3. Calculate g(-6).
-2
Let o(d) = 4*d - 43. Let z be (1 - 5/6)*252/(36/6). Determine o(z).
-15
Let h(a) = -5*a + 3. Let n(m) = m - 1. Let f(t) = h(t) + 6*n(t). Suppose 228*r = 213*r + 75. Determine f(r).
2
Let t(x) = 8*x - 11. Let q(w) be the second derivative of -5*w**3/6 + 13*w**2/2 + 76*w. Let f(k) = 3*q(k) + 2*t(k). Calculate f(-7).
10
Let q(c) = 69. Let k(i) = 14. Let l(y) = -5*k(y) + q(y). Suppose j = 0, -3*g + 4*j + 5 = -13. Let w(m) = m**2 + m + 6. Let o(x) = g*l(x) + w(x). Calculate o(3).
12
Let u(r) be the first derivative of -r**3/3 - 13*r**2/2 - 42*r + 144. Determine u(-8).
-2
Let x(m) be the second derivative of -1 - 1/2*m**2 - 11*m + 1/12*m**4 + 0*m**3. Suppose 0 = -5*z + 5*f + 20, -5*z + 4*z - 3*f - 4 = 0. Determine x(z).
3
Let d(y) = -y**2 + 4*y**2 - 2 - 2*y**2 + 3 + 7*y. Let c(n) = -7*n - 22. Let q be c(-6). Suppose 0 = -4*z - b - q, 3*z - 2*b = 2*b + 4. What is d(z)?
-11
Let n be 39/15 - (-48)/(-80). Let h(d) = d**3 + 4*d**2 - 6*d - 2. Let a be h(-5). Let b(v) = 8*v + 2*v**3 - 9*v - 4 + 6 - a*v**2. What is b(n)?
4
Let g(t) = 0*t + 1 - t + 3*t. Let a = 55646 + -55647. What is g(a)?
-1
Let i(g) = 18*g + 2. Let s(j) = 4*j + 1. Let h(n) = i(n) - 5*s(n). Suppose -3*m = 3*f - f - 2, 0 = -m + 4. Determine h(f).
7
Let y(g) = g**2 + 3*g. Suppose 0 = -3*p - 5*i + 577, 4*p + 3*i - 777 = 4*i. Let u = p - 192. What is y(u)?
10
Let s(z) be the third derivative of z**6/120 + 3*z**5/20 + 17*z**4/24 - 3*z**3/2 + 335*z**2 + 1. Calculate s(-5).
6
Let r be 9 + 1650/(-176) - 9/(-24). Let n(y) = y**3 - 2*y**2 + 22*y - 5. Calculate n(r).
-5
Let g = -845 - -884. Let c = g + -38. Let o(a) = 2*a**2 + a - 1. What is o(c)?
2
Suppose 0 = -37*v + 35*v + 5*a - 52, -2*a - 32 = 4*v. Let j(h) = 22*h + 238. Give j(v).
-4
Let m(t) = -t**2 + 28*t - 91. Let u be (1 + 1 - (19 + 11))*18/(-21). What is m(u)?
5
Let c(k) = 7*k**2 - k + 3. Let h(t) = t**2. Let z(w) = -c(w) + 6*h(w). Let d be (-3)/27 - 259/(-63). What is z(d)?
-15
Let u(i) = -i**2 - 10*i - 15. Suppose -423*t = -388*t + 280. Determine u(t).
1
Let v = 37288 + -37316. Let s(i) = i**2 + 32*i + 91. What is s(v)?
-21
Let p(v) be the third derivative of v**4/24 + 8*v**3/3 - 43*v**2 - 25. Let y(m) = -m - 8. Let q be y(0). Calculate p(q).
8
Let b(l) = 20*l + 1. Let n = 257 + -129. Let y = -129 + n. Determine b(y).
-19
Let k(r) = 1 - 5*r + 2*r - 2*r - r. Let z be (-1067)/(-209) + -3 + 1/((-38)/4). Determine k(z).
-11
Let b(v) = -v**3 + 13*v**2 - 10*v - 6. Let z = 1630 - 1618. Give b(z).
18
Let u(x) = -8*x - 2*x**2 + 8 + 8*x - 4*x. Let g(o) = -o**2 - o + 4. Let s(b) = -7*g(b) + 4*u(b). Give s(-9).
4
Let t be 2/8 + 48/192. Let k(j) be the first derivative of t*j**2 - 2*j + 12. Give k(5).
3
Let m be (-136)/(-476) - 88/14. Let j(w) be the second derivative of 5*w - 4/3*w**3 + 0 - 1/12*w**4 - 7/2*w**2. What is j(m)?
5
Let f be -26*(1 - (-45)/(-18)). Let m(x) = -f + 2*x + 14*x + 8 - 4*x - 8*x. Give m(9).
5
Let a(l) be the second derivative of -l**5/10 + l**4/4 - 2*l**3/3 + 7*l**2/2 - 2*l - 60. What is a(2)?
-5
Let k = -51 - -53. Suppose -k*j + 5*j - 8 = b, 3*j + b - 4 = 0. Let y be (28/(-36)*-3)/(j/(-6)). Let c(z) = 3*z + 10. Determine c(y).
-11
Let w(z) = -z**2 - 2*z - 4. Let a(v) = -6*v**2 - 10*v - 15. Let d(g) = 2*a(g) - 9*w(g). Determine d(-5).
-59
Let f(r) be the first derivative of -r**4/12 + r**2 - 30*r + 36. Let a(v) be the first derivative of f(v). Let x(h) = 2*h - 1. Let n be x(2). Calculate a(n).
-7
Let v(a) = -a. Suppose 5*h = 4*w + 21, 4*w + 3*h = 2*w - 27. Let c be v(w). Let l(n) = -c*n + 3 - 4 - 11*n + 2*n. Determine l(1).
-19
Let f(k) = 2*k**2 - 14*k - 19. Let b(q) = -25*q + 107. Let w be b(4). Give f(w).
-19
Let v(r) = -r**3 - 4*r**2 + 2. Let s = 450 + -447. Suppose s*x - 4 = -4*a, 17 + 11 = -4*x + 3*a. Determine v(x).
2
Let y(c) = -3*c**2 + c + 4. Let p be y(2). Let d(q) = q**2 + 5*q + 9. Let z be d(p). Suppose 38*u = 43*u - z. Let n(t) = t**2 + 1. Calculate n(u).
10
Suppose -1 + 13 = 3*l + z, 0 = 3*l - 4*z - 27. Suppose 0 = 4*g + d - 6, l*g - g + 2 = -5*d. Let u(w) = 2 - 2*w**3 - 4*w + 5*w - 2 + 2 + g*w**2. Determine u(2).
-4
Let i(r) = -r - 7. Let f = -581 + 216. Let p = f - -358. Determine i(p).
0
Let u(h) be the second derivative of h**5/20 - 7*h**4/12 - h**3/6 + 2*h**2 + 1653*h. Calculate u(6).
-38
Let v be ((-6)/(-14))/((-266)/1862). Let o(u) = -8*u - 25. Determine o(v).
-1
Let w(b) = -b**3 + 5*b**2 + 2*b. Let u = -45 + 31. Let i = u + 52. Let o = i + -33. Determine w(o).
10
Let a(d) be the first derivative of d**4/4 - 8*d**3/3 + d**2/2 - 8*d - 16. Let f = 20 - 18. Suppose 0 = -5*v - k + 42, -v + f = -2*v + 5*k. Give a(v).
0
Suppose 1111 + 618 = -648*l - 863. Let y(m) = 3*m - 9. Let d(j) = -8*j + 26. Let n(g) = -4*d(g) - 11*y(g). Calculate n(l).
-1
Let l(q) = 3*q**2 + 2*q. Let y(w) = 32*w**2 + 5*w + 6. Let i(o) = -6*l(o) + y(o). Calculate i(1).
13
Let g = -17561 + 17573. Let d(t) = -t**3 + 12*t**2 + 2*t - 17. Determine d(g).
7
Let t(d) be the second derivative of -d**5/20 + d**4/12 + 11*d**3/6 - 19*d**2/2 - 993*d. Determine t(4).
-23
Let x(w) = -w**3 - 3*w**2 - 1. Let j = 660 + -662. Calculate x(j).
-5
Let j = 87 + -80. Let o be ((-82)/(-3))/((j + -4)/(-9)). Let w = -84 - o. Let a(t) = t**2 - 3*t - 1. Calculate a(w).
9
Let i(j) = -2*j**2 - j - 1. Let n be (-84)/(-56) - (-30)/(-12). Give i(n).
-2
Let j(l) = -l**3 + 23*l**2 - 2*l + 21. Let f(k) = k**3 - 22*k**2 + 2*k - 27. Let o(s) = -4*f(s) - 3*j(s). Calculate o(19).
7
Let c(m) = m**3 - 20*m**2 - 70*m + 21. Let x(l) = -372*l - 2209. Let u be x(-6). Calculate c(u).
-2
Let s(a) be the third derivative of -a**8/10080 - a**7/1260 - a**6/180 + 43*a**5/30 + 139*a**2. Let z(k) be the third derivative of s(k). What is z(-3)?
-10
Let d(y) = -12*y - 70. Let t be d(-6). Suppose 0 = t*f + 6*f + 32. Let x(z) = -z - 4. Let g(c) = -c - 4. Let o(h) = -4*g(h) + 3*x(h). Calculate o(f).
0
Suppose -2*t + r - 30 = 0, -4*r - 49 = t + 4*t. Let m be t*(4 + -1 - 5). Let u(v) = m*v**2 + 5 + 4*v**3 - 31*v**2 - 3*v**3. Calculate u(5).
5
Suppose -185884 + 185740 = 24*v. Let x(i) = i**2 + 8*i - 1. Let k(j) = -2*j**2 - 17*j + 2. Let l(d) = 2*k(d) + 5*x(d). What is l(v)?
-1
Let g(l) = -l**2 - 4*l + 5. Suppose -16*y + 45 = -3. Suppose -y*j - 113 = -95. Determine g(j).
-7
Let c(w) = w**3 + 13*w**2 - 27*w + 46. Suppose -3*m - r - 39 = 0, -r + 29 = 4*m + 83. What is c(m)?
1
Let y(g) = -10*g. Let s(m) = -m**3 - 14*m**2 - 35*m - 53. Let t be s(-12). Let i = t + -80. Calculate y(i).
10
Let p(l) = -2*l**2 - 4*l - 4. Suppose 0 = 38*r - 60*r + 66. Suppose r*q + 18 = -3*j, -5*j - 4*q = -6*j + 14. Determine p(j).
-4
Let r be (-7)/(-2) + 2/4 - 197. Let t = -189 - r. Let f(p) = 2*p + 4. Give f(t).
12
Let p(o) be the first derivative of 1/2*o**2 - 2/3*o**3 + 172 + 7*o. What is p(-2)?
-3
Suppose -11 + 20 = -3*d. Let q be (-4 + 5)/(d*2/(-30)). Let w(l) = 6*l - 6. Calculate w(q).
24
Let y(x) = x**2 + 23*x - 33. Let t be (56/(-3))/(10*(-4)/(-60